) = 13*d + 23. Let x(c) = -6*c - 11. Let i(a) = 4*n(a) + 9*x(a). What are the prime factors of i(-7)?
7
Let i = 0 + 2. Suppose o - 33 + i = 0. What are the prime factors of o?
31
Let g(y) = -y**2 + 6*y + 4. Let k be g(6). Let d(f) = -k - 4*f + 4. What are the prime factors of d(-2)?
2
Suppose -6*q + q + 33 = c, -5*q + 45 = 5*c. List the prime factors of q.
2, 3
Let k(b) = b - 5. Suppose 0*y = -y + 10. Let g be k(y). List the prime factors of (g/((-10)/(-8)))/1.
2
Suppose -4*v = -v - 180. What are the prime factors of v?
2, 3, 5
Suppose 4*y - 2*y + 28 = 0. What are the prime factors of 3/(y/(-4) - 2)?
2
Suppose -g = 2*p - 0*g - 277, -5*p + 685 = 4*g. Suppose -p = -3*l + 3*i, -106 = -2*l - 2*i - 24. What are the prime factors of l?
2, 11
Let b(m) = m**3 + 5*m**2 + 3*m - 4. Let r be b(-3). Suppose -r*y - 57 = -8*y. What are the prime factors of y?
19
Let w = 38 - 12. Suppose w = -3*f + f. Let p = 21 + f. List the prime factors of p.
2
Suppose 270 = -g + 4*g. List the prime factors of g.
2, 3, 5
Suppose 0 = -0*u - 2*u - 4, 0 = -4*j - 3*u - 22. Let s = j - -8. What are the prime factors of s/18 + 25/9?
3
Suppose -2*f - 3*f + 130 = 0. Let w be 1/(-3 + f/8). Suppose 68 = 3*v + 2*k, -w*v + 4*k = 2*k - 86. List the prime factors of v.
2, 11
Let c(x) = -3*x**3 - 2*x**2 + 2*x + 3. Suppose 5*m + 6 = -4. What are the prime factors of c(m)?
3, 5
Suppose -5*k + 7*a - 47 = 3*a, k + 4 = -a. Let c be (k + 1 + -1)*1. Let n = c - -12. List the prime factors of n.
5
Let q = 139 - 252. Let r = -74 - q. List the prime factors of r.
3, 13
Let f(z) be the third derivative of z**4/12 - z**3/3 + z**2. List the prime factors of f(7).
2, 3
Suppose -5*i = -15, -5*s + 2*i + 0 + 4 = 0. Suppose -m = -f - 17, -47 = -3*m + 4*f - s*f. List the prime factors of m.
13
What are the prime factors of 2310/9 + (-2)/3 + 1?
257
Suppose -2 = 4*f - 3*f + 3*a, 5*a = 10. Let d(r) = r**2 + 6*r - 7. List the prime factors of d(f).
3
Let f = 615 + -245. List the prime factors of f.
2, 5, 37
Let a(h) = h**3 + 4*h**2 + 7*h + 5. Let s be a(-4). Let v = -16 - s. List the prime factors of v.
7
Suppose -3*k - 2*p = -192, 0 = 4*k - 2*p - 2 - 268. What are the prime factors of k?
2, 3, 11
Let m = -44 + 89. What are the prime factors of m?
3, 5
Let w = 32 + -18. Let u = 24 - w. What are the prime factors of u?
2, 5
Suppose -3*m = 15, -2*v = -7*v - 5*m + 150. What are the prime factors of v?
5, 7
Let o(k) = 2*k + 1. Let v be o(-3). What are the prime factors of 2 + (2 + v)*-1?
5
Suppose h = -12 + 40. What are the prime factors of h?
2, 7
What are the prime factors of 14/35 + 38/5?
2
Suppose -5*v - 51 = -4*f, -2*v + f - 13 = 8. Let s = -4 - v. List the prime factors of s.
7
Suppose 0 = -2*u - 3*u + 45. Let i be ((-21)/28)/(1/(-24)). Suppose u = -z + i. What are the prime factors of z?
3
Suppose -4*x - 2 = 3*k, -4*k = -5*x - 5 - 13. Suppose -5*g + k*g + 12 = 0. List the prime factors of g.
2
Let a(y) = -4*y**2. Let k be a(-2). Suppose 0 = -3*t + 5*t + 20. Let i = t - k. List the prime factors of i.
2, 3
Let y(s) = -6*s - 15*s + 13*s + 4 + 6*s**2 + s**3. What are the prime factors of y(-7)?
11
Let d = -9 + 3. Let j be d/(-8) + (-378)/24. List the prime factors of (-100)/j - 2/(-6).
7
Let p(w) = 0*w + 5*w - 3*w + w**2. What are the prime factors of p(-4)?
2
Suppose 5*u - 4*o + 1940 = -3820, 5 = -o. Let v be u/(-18) + (-4)/18. Suppose v = 5*p + 9. What are the prime factors of p?
11
Let c = -20 - -51. What are the prime factors of c?
31
Let u be (-4)/(-3)*6/4. What are the prime factors of (-94)/(-4) - (-1)/u?
2, 3
Let p(i) = i**3 + 4*i**2 - 6*i + 4. Let x be 5/(-10)*(10 + 0). List the prime factors of p(x).
3
List the prime factors of (-3)/(4/((-208)/4)).
3, 13
What are the prime factors of 0 + -1 - (-197 - (-6 + 4))?
2, 97
Let x = -1 - -1. Suppose 4 = 2*m, 4*l + x*l - 5*m = 2. Suppose 3*k - 21 = l. List the prime factors of k.
2
Let x = -24 - -51. List the prime factors of x.
3
Let l(w) = -2*w - 11. Let o be l(-9). Suppose 4 = -3*y + h - 1, -y + 3*h + 1 = 0. List the prime factors of o + 3/(-2)*y.
2, 5
Let m = -19 - -49. What are the prime factors of m?
2, 3, 5
Suppose -4*c + 207 = -5*f - 324, -f = -4*c + 535. List the prime factors of c.
2, 67
List the prime factors of 4*5/((-30)/(-87)).
2, 29
Let g be (-3)/(-2)*(-8)/(-3). Suppose g + 4 = 4*u. Suppose 7*c = u*c + 15. What are the prime factors of c?
3
Let s = 7 - 3. What are the prime factors of (-57)/6*(-8)/s?
19
Let g(d) = 2*d**3 - 2*d**2 - 4*d - 6. Let r be g(-3). Suppose -4*j + 2*x + 41 = -1, 0 = j - 4*x - 7. List the prime factors of (-12)/r + 86/j.
2
Let q(n) = 2*n**2 + 3*n - 3. Let f be q(3). Suppose f = 2*t - 5*b, -19 = -3*t + b + 4. What are the prime factors of t?
7
Let x = -136 - -194. Let p = x - 34. List the prime factors of p.
2, 3
Suppose -g - p = -2*g + 26, -3*g + 70 = 5*p. What are the prime factors of g?
5
List the prime factors of 1180/8 - (3 + 35/(-10)).
2, 37
Let p be (-2)/2*(-3 + 2). Let k = 1 + p. List the prime factors of k/((15/(-12))/(-5)).
2
Let c = 12 - 0. Suppose -p + c + 10 = 0. What are the prime factors of p?
2, 11
Suppose -12*p = -15*p + 6. Suppose k = j + 8, 4*j - 57 + 11 = -p*k. What are the prime factors of k?
13
What are the prime factors of (-4)/(3/18*-4)?
2, 3
Suppose 3*n = 9, q = -0*n + n. What are the prime factors of q?
3
Let c = -3 + 0. Let a be (4 + 2)/(c/(-4)). Let w = a + -3. What are the prime factors of w?
5
Let d(g) = 2*g + 1. Let v(r) = r**3 - r**2 + r + 4. Let o be v(0). List the prime factors of d(o).
3
Suppose 4*d = d + 87. What are the prime factors of d?
29
List the prime factors of ((-4)/(-6))/((-4)/10830*-5).
19
Suppose -o + 0 = -3. Suppose -4*w + o*u = 2*u - 90, 5*w = -2*u + 119. What are the prime factors of w?
23
Let s = -8 - -2. Let i(p) = p**2 + 2*p - 2. Let a be i(s). Suppose u = 2*g - 7*g + 18, 3*u + a = 4*g. What are the prime factors of g?
2
Let k(l) = 8*l. Let o be k(8). Suppose 3*i = o + 14. What are the prime factors of i?
2, 13
Suppose -4 = m - 5*m. Let l be (0 + m)/((-3)/(-9)). Suppose -3*n + 9 = l. List the prime factors of n.
2
Suppose 3 + 6 = g. Suppose 4*w + z = 35, -z + g = w + 1. Suppose 0 = c - 1 - w. What are the prime factors of c?
2, 5
Let y(d) = -7*d - 3. Let s(c) = -3*c - 1. Let x(l) = 5*s(l) - 2*y(l). What are the prime factors of x(-11)?
2, 3
Let d(i) = i**3 - 5*i**2 + 5*i. Let w be d(5). Let v = w - 16. What are the prime factors of v?
3
Let p(w) be the first derivative of w**4/4 + w**3/3 - w**2/2 - 10. Let k(f) = -f**2 - 5*f - 2. Let x be k(-4). List the prime factors of p(x).
2, 5
Suppose -5*y + 50 = 20. Suppose z + 3*w = 58, -z - 3*w = -5*w - 58. What are the prime factors of (-4)/6 + z/y?
3
Let g = -7 - -4. Suppose 6*t = 3*r + t + 20, -2*r = t + 9. List the prime factors of g/((15/9)/r).
3
Suppose -t - 15 = 2*t. Let p = t + 8. Suppose 8 = -j + 5*w, -w = p*j + 4*w - 56. What are the prime factors of j?
2, 3
Suppose -8 = -2*b + 46. List the prime factors of b.
3
List the prime factors of (-1 - -283)*5/5.
2, 3, 47
Suppose -u - 2*z + 121 = -z, z = 3*u - 359. What are the prime factors of u?
2, 3, 5
Let n(x) = 4 - 5*x**3 + 4*x**3 + 3*x**2 + 0. What are the prime factors of n(3)?
2
Suppose -3*j - 233 = -4*k, 0*k + 3*j = -4*k + 215. List the prime factors of k.
2, 7
Let i(g) = -3*g + 1. Let r be i(-6). Let y = -5 + r. Suppose -c + 8 = -y. What are the prime factors of c?
2, 11
Suppose -4*v = -4*t - 28, t + t = 4. List the prime factors of v.
3
List the prime factors of 97*(3/3)/(-1)*-1.
97
Let c = -27 - -16. Let a = 19 + c. What are the prime factors of a?
2
Let t(l) = -5*l + 3*l**3 + 2*l + 0*l + 2*l**2. What are the prime factors of t(2)?
2, 13
Let v = -16 - -25. Suppose x - 18 = -v. List the prime factors of x.
3
What are the prime factors of -3 - (3 + -31 + 1)?
2, 3
Let z(y) = -y - 4*y - 4 + 0. What are the prime factors of z(-4)?
2
Suppose -10*g = -7*g. Suppose 2*z - 13 - 9 = g. List the prime factors of z.
11
Let s = -16 + 10. Let y = s - -8. What are the prime factors of y?
2
Let n(b) = -b + 14. Let g be n(10). Suppose 0 = -g*y + 2*y + 24. List the prime factors of y.
2, 3
Suppose -j - 3*b + 311 = 102, 0 = -3*j - 4*b + 607. What are the prime factors of j?
197
List the prime factors of -3*(-5)/10*62.
3, 31
Let w = -4 + 14. Suppose 5*a + 4*l = 6*l + w, 2*l = -4*a 